ose -5*x - 7*b = -2*b - u, 0 = -x - q*b + 2. List the prime factors of x.
17
Let i(l) = 6*l**3 - 2*l**2 + 1. Let v be i(1). Suppose 5*b - 157 = 3*f, -b + 28 = v*f - 9. What are the prime factors of b?
2
Let p be (-1*212/4)/1. Let m = p + 202. List the prime factors of m.
149
Suppose 18*z = 14*z + 296. What are the prime factors of (-3 - z/(-4))*2/1?
31
Suppose 4*s + s - 545 = 0. Let g = s - 58. List the prime factors of g.
3, 17
Let u be -4*20/32*-2. Suppose -j + 2*j = -u*b + 64, 15 = -3*b. List the prime factors of j.
89
Suppose -2*h - 86 = 4*d, -d = -0*h + 4*h + 25. Let t be (d - 3)/(-3)*-7. Let s = 85 + t. What are the prime factors of s?
29
Let r = 19 + -14. Let x be (-107)/(-3) + (-2)/3. Suppose -x = -c - r. List the prime factors of c.
2, 3, 5
List the prime factors of (-60)/15 + (-1 + 2)*1033.
3, 7
Let x(j) = -171*j**3 + 2*j**2 + 2*j. Let b(w) = w**2 + 12*w - 1. Let f be b(-12). What are the prime factors of x(f)?
3, 19
Let z = 53 - 50. Suppose 0 = -4*j - 4*g + 60, 0 = -z*j - 2*j + g + 93. What are the prime factors of j?
2, 3
Let u(c) = 11*c**2 - 11*c + 11. Let o(m) = -120*m**2 + 120*m - 120. Let a(h) = -3*o(h) - 32*u(h). What are the prime factors of a(-5)?
2, 31
Let a = -11 - -13. Suppose -9 = a*y + 7. What are the prime factors of 54/8 - 2/y?
7
Let q be 12/(-15) + 33/(-15). Let l(p) = -8*p - 4. List the prime factors of l(q).
2, 5
Let x be (-1 - -2) + 2 + -1. Suppose -4*s = -2*p + x, 0 - 12 = -4*s. What are the prime factors of p?
7
Let d(k) = -k**3 + 13*k**2 + 10*k - 10. Let l be d(7). Suppose -7*h + 220 = -l. What are the prime factors of h?
2, 41
Let w(l) = 2*l**2 + 4*l - 4. Let y = 10 + -18. Let b be w(y). Suppose -3*v = -0*h - 4*h - b, -v + h = -31. List the prime factors of v.
2
Let h(l) = 3*l**2 + 4*l**2 - 4 + 1 - 5*l**2. Let z(n) = -n**2 - 2*n + 7. Let x be z(-3). What are the prime factors of h(x)?
29
Let q = -34 - -34. Suppose -4*o - 4*y = -25 - 115, -3*y - 6 = q. List the prime factors of o.
37
Suppose 185 = -v - 2. Let q = v - -266. Let y = q - 56. What are the prime factors of y?
23
Let d(a) = 54*a + 9. Let t(u) = -u**2 + 5*u - 1. Let y be t(4). What are the prime factors of d(y)?
3, 19
Let d(u) = u + 3. Let s be d(5). Suppose -o = o - s. Suppose 20 = n - 5*f - 1, -o*f - 8 = 0. List the prime factors of n.
11
Let n = -79 + 114. Suppose 7 = 3*k - 4*r - 0, 5*k = -5*r + n. Suppose 2*y - 7 - 22 = 5*m, k*y - 150 = -3*m. What are the prime factors of y?
3
Let c = 20 - 24. What are the prime factors of (3 + c)/2*-202?
101
Let d(i) = 2*i + 10. Suppose 10 + 6 = -2*l. Let u be d(l). List the prime factors of (1 + -4)*26/u.
13
Let u be -9 + 141/15 + (-13)/(-5). Suppose 0*a + 15 = -5*a, -a + 393 = u*d. List the prime factors of d.
2, 3, 11
Suppose 44*d - 20 = 49*d, -4*z + 3572 = 3*d. List the prime factors of z.
2, 7
Let z = 1095 - 574. List the prime factors of z.
521
Let z = 104 - 96. Let n(w) = w**3 + w - 3. Let y be n(3). Suppose -3*i = 3*l - z*l - y, -2*i - 5*l = 7. List the prime factors of i.
2
Let u = 9 - 4. Suppose 4*p - 2*b = 34, -u*b = 2*p - 5*p + 15. What are the prime factors of (2/(-4))/(p/(-1160))?
2, 29
Suppose -4*b + 5*t = b + 45, 4*b + 1 = -3*t. Let x be b/(-16) + (-14)/(-8). Suppose -3*f = 4*j - 75, 0 = -x*f + 2*j + 44 - 8. What are the prime factors of f?
3, 7
Let p(f) = -f**3 + 8*f**2 - 6*f - 4. Let c be p(7). Suppose -g - c*g + 92 = 0. Suppose s - g - 2 = 0. List the prime factors of s.
5
Suppose 10 = 8*v + 42. What are the prime factors of (-545)/v + 7/(-28)?
2, 17
Let r(u) = 31*u + 1. List the prime factors of r(2).
3, 7
Let w(k) = k - 6 - 11 + 0 - 5*k + k**2. What are the prime factors of w(-7)?
2, 3, 5
Let k = 36 - 23. Suppose -888 = -k*a + 1283. What are the prime factors of a?
167
Suppose 3*h - 6 + 18 = 0. Let b be h/8*(-1 + -3). Suppose 3*t + 2*k = -0*k + 10, -b*t = 3*k. List the prime factors of t.
2, 3
Suppose 0 = -4*s + s - 54. Let a be -2 - (s/(-3))/(-2). Let i(j) = 26*j**2. What are the prime factors of i(a)?
2, 13
Suppose -4*p + 26 = -f - 12, 3*f + 3*p = -39. Let i = f - -29. List the prime factors of i.
11
Let b be -4*(-1)/(-2 - -1). Let j be 14/(-4)*b/2. Suppose -3*d = -2*k - 102, -j*d + 3*d + k = -131. List the prime factors of d.
2
Suppose -13*d + 23716 = -21784. List the prime factors of d.
2, 5, 7
Suppose 5*c + 24 = 2*c. What are the prime factors of ((-6)/c)/((-1)/(-76))?
3, 19
Let l be -5*((-6)/(-1) - 3). Let a = l + 19. Suppose 2*p - c - 99 = a*c, 207 = 4*p - c. What are the prime factors of p?
2, 13
Let v(q) = 2*q**2 + 15*q. Let l = -18 - -21. Let b(h) = h**2 + 16*h - 1. Let u(w) = l*b(w) - 2*v(w). What are the prime factors of u(14)?
53
Let t(q) = 2*q + 4. Let z be t(-2). Suppose z = -3*s - 2*c + 212, 0*s = 2*s + 2*c - 140. What are the prime factors of s?
2, 3
Suppose 6*n + 18 = 78. List the prime factors of (-491)/(-5) - (-8)/n.
3, 11
Let l(v) = v**2 + 6*v + 5. Let y be l(-4). Let i = 11 - y. Suppose 6*o - 4*o - i = 0. List the prime factors of o.
7
Suppose -2*o + 0*o - 4 = 0. Let m be 2/((-12)/(-3))*o. What are the prime factors of 48/(1 - m) - 2?
2, 11
Suppose 6*z + 4084 = 8*z + u, 0 = z + 4*u - 2056. List the prime factors of z.
2, 3, 5, 17
Let v be ((-18072)/8)/((-3)/(-4)). Let p be 8/28 + v/(-42). Suppose 60 + p = 3*u. What are the prime factors of u?
2, 11
Suppose -k + 2*h + 15 = 0, -3*k + 48 = 2*k - h. Let b be 6/3*(8 - 2). Let z = b - k. What are the prime factors of z?
3
Let w be -14*(72/7)/(-3). Let i = 67 - w. List the prime factors of i.
19
Suppose -2*l = 3*c - 477, -3*c + 4*l = 198 - 675. List the prime factors of c.
3, 53
Let v(f) = 74*f**2 - 6*f + 4. What are the prime factors of v(2)?
2, 3
Suppose 2*z = -4*x + 732, -3*z = -2*x + 2*z + 378. Suppose -2*t = x - 620. List the prime factors of t.
2, 109
Let f(q) be the second derivative of q**3/6 + 7*q**2/2 + 2*q. Let v be f(-7). Suppose -2*w = 3*y - 6*w - 93, 3*y - 2*w - 87 = v. List the prime factors of y.
3
Let k be -1 - 3 - (-7 - -1). Let p be (-30 - -3 - k)*-1. Suppose -p = -2*r + 43. What are the prime factors of r?
2, 3
Suppose 3*o = 16 - 7. Suppose -2*y - w = 23, y + o = -5*w + 5. Let i = y + 51. What are the prime factors of i?
2, 19
Let h be (-1 - -10)*(-11)/(-33). What are the prime factors of (h + (-15)/6)/((-2)/(-356))?
89
Suppose 0 = 14*s - 9*s - 10. Let r(a) = 35*a**2 + a - 2. List the prime factors of r(s).
2, 5, 7
Let f be 1*3 + (-4 - -5). Suppose -4*y + 45 = -f*x + 5*x, -2*x - 2*y + 96 = 0. What are the prime factors of x?
7
Let y be 14/4*(-1640)/(-70). Let d(l) = 2*l + 1. Let j be d(1). Suppose -s = -j*s + y. List the prime factors of s.
41
Let w(p) = 4*p**2 + 8*p + 11. Let k be w(-3). Let j = 5 + k. What are the prime factors of j?
2, 7
Suppose -5*b + 174 = 3*m - 0*b, -2*m = b - 109. Let a = 3 + m. List the prime factors of a.
2, 7
Let n = -51 + 53. Suppose 4*l - 682 = -z, -n*l - 5*z + 338 = -3*z. List the prime factors of l.
3, 19
Suppose -4*r - 15 = 3*h, h = 4*r - 5 + 16. List the prime factors of ((-18)/4)/(h/10).
3, 5
Suppose 0*g + 11*g = -825. Let d = g - -156. What are the prime factors of d?
3
Suppose -2*l - 3*l = 155. Let p be l/(-2) - (-7)/(-14). Suppose -2*j + 26 = 3*c - 18, c + j = p. What are the prime factors of c?
2, 7
Suppose -25*f + 24340 = 5040. What are the prime factors of f?
2, 193
Let p(y) = 81*y + 10. Let b be p(-4). Let g = -214 - b. Suppose 4*s - g = 8. What are the prime factors of s?
3
Suppose 7*i = -i - 64. Let b = i + -72. What are the prime factors of (b/(-15))/((-4)/(-42))?
2, 7
Suppose -7502 - 2612 = -13*i. Suppose k + 260 = 5*w - 702, -5*k - i = -4*w. What are the prime factors of w?
2, 3
Let f be (78 - -1)/((-2)/(-4)). Let v = f - 63. Let q = 138 - v. List the prime factors of q.
43
Let c(h) be the second derivative of -h**4/12 + h**3/6 + 2*h**2 - 12*h. Let r be c(7). Let z = 24 - r. What are the prime factors of z?
2, 31
Let n(c) = 2*c - 12. Let s = 7 + 0. Let y be n(s). Suppose y*r - 9 = -3*z + 16, z + 4*r - 25 = 0. What are the prime factors of z?
5
Let h = 17 + -13. Suppose 0 = -4*f - 8, -3*m - 8 = h*f + 27. Let c(n) = -8*n - 4. List the prime factors of c(m).
2, 17
Suppose -2*m - 37*u + 39*u = -1052, 2*m = -5*u + 1080. List the prime factors of m.
2, 5, 53
Let x = 1041 - 336. What are the prime factors of x?
3, 5, 47
Let v(t) = -t**2 + 13*t. Let w be v(6). Suppo